ime number?
False
Let i be (14/(-28))/((-2)/(-10576)). Let b = -1737 - i. Is b a composite number?
False
Suppose 27501 = 2*t - 3*r - 4*r, 3*t = -4*r + 41237. Is t a prime number?
False
Let d be (-6)/((6/115)/((-20)/25)). Suppose -d = -71*t + 70*t. Is (-2 + t + (4 - 3))/1 composite?
True
Let k be 21/4 + (-195)/156. Suppose 0 = -k*v + 8249 + 13499. Is v a composite number?
False
Suppose -857 = -3*s - 5*j + 2085, 2*s - 2*j = 1956. Suppose d - s = -4*c + 328, -3*d + 4*c = -3969. Is d a composite number?
False
Suppose -4*x = 4*p - 2524276, 1143*x - 1141*x + 3*p = 1262146. Is x composite?
False
Let f = -9 - -11. Suppose -2*g + f*l + l - 42 = 0, 0 = -3*g + 5*l - 65. Let s(b) = b**3 + 19*b**2 + 21*b - 6. Is s(g) prime?
False
Let a be (-11 - -12)*(-2 + 3). Suppose -3*x + a = -14. Suppose -x*u + 5891 = -2904. Is u a prime number?
True
Let w = 24 - 32. Let y be 5028/w*16/(-6). Suppose -y = -4*j - 4*g, j = 2*j + 4*g - 431. Is j a composite number?
True
Let a(d) = -d**3 + 29*d**2 + 17*d - 48. Let j be a(26). Suppose -2449 = -l + j. Is l a prime number?
True
Let t(o) = -235*o**3 + 3*o**2 - 2*o + 21. Let d = 79 + -83. Is t(d) a composite number?
True
Let i(h) = 6*h**3 + 27*h**2 - 62*h - 196. Is i(25) prime?
False
Is (-1898655)/(-1320) + 10/16 a composite number?
False
Is (4/13)/((-42)/(-832377)) a composite number?
True
Let j(l) = -l**3 + 2*l**2 + 33*l - 47. Let r be j(19). Let m = 10736 + r. Is m prime?
True
Let t(d) = -3*d**3 - 22*d**2 - 3*d + 28. Let y be t(-7). Let p(j) be the second derivative of j**4/12 + j**3/2 + 451*j**2/2 - 2*j. Is p(y) composite?
True
Let j(q) = q - 2. Let s be j(4). Suppose -16*u + 182378 = -s*u. Is u a prime number?
False
Let n = -5356 - -13387. Let r = n + -2542. Is r a composite number?
True
Let z(l) = -13*l**3 + 14*l**2 + 62*l + 10. Is z(-13) prime?
False
Let g be 4/20 + (2 - (-78)/10). Suppose 2*u + 0*u + 4285 = 5*v, -2*u = g. Let j = 1398 - v. Is j a composite number?
True
Let m(s) = -s**2 + 19*s + 22. Suppose 16*g - 13*g = 60. Let r be m(g). Suppose 4*t - 5*t - 1167 = -r*w, -1748 = -3*w - t. Is w composite?
True
Suppose -2*u = -f - 301, -5*f + f - 1234 = -2*u. Let n(c) = -23*c**2 + 4*c - 3. Let x be n(-3). Let o = x - f. Is o prime?
True
Is (-4124)/(-12)*1*69 + 4 a prime number?
False
Suppose -163*h + 26792065 = -9975682. Is h a composite number?
False
Let z(q) = 72*q**3 - 6*q**2 - 2*q + 25. Let i = 713 + -707. Is z(i) prime?
True
Let m be (-1 - (4 + -5))/(0 - -2). Suppose m = 18*l - 48 - 24. Is -10*l/8 - -3496 a prime number?
True
Let g = -46154 + 146847. Is g a prime number?
True
Let q(t) be the first derivative of -769*t**4/24 - t**3/3 + t**2/2 - 23. Let z(i) be the second derivative of q(i). Is z(-1) composite?
True
Let a(i) = i - 1. Let k(n) = 4*n**3 + 8*n**2 + 7*n - 14. Let b(y) = a(y) + k(y). Suppose -4*h - 4*r + 48 = 0, -5*h + 2*r + 16 = -2*h. Is b(h) prime?
True
Let c = 99303 + -26690. Is c a prime number?
True
Let v = -14629 - -9672. Let o = -630 - v. Is o composite?
False
Let n(b) = 2*b - 1. Let x be n(-1). Let m(p) = -21*p + 20. Is m(x) a composite number?
False
Suppose -18 = -g - 0*g - 3*t, 0 = g - 2*t + 7. Let u be ((-66)/(-55))/((-6)/20) - (-19 - -9). Suppose -u*i + g*i = -1749. Is i prime?
False
Let s be (18/3 + -2)*4/16. Let i be -3 + (1/(-3))/(s/(-48)). Suppose -1940 = i*b - 13497. Is b composite?
True
Is (-1 + 93/(-6))/(276/(-740048)) - -1 composite?
True
Let m = 351 + -199. Let j = -229 - -231. Suppose -4*v - m = -j*k + v, -v = k - 69. Is k prime?
True
Suppose -4*j = u - 19465, 0 = 3*j + 18 - 33. Is u prime?
False
Let b be (11 + -10)/(-3*1/(-1473)). Suppose -489*w + b*w = 24158. Is w a composite number?
True
Suppose 59*b - 23359 = 4112954. Is b a prime number?
False
Suppose 5*r + 3*h + h - 16 = 0, 4*r = 3*h - 12. Suppose r*m = 5*m - 10520. Is m/10 - 30/(-50) a composite number?
False
Let q(r) = 61*r + 23. Suppose p = 3*g + 1, -2*g + 3 = 3*p + 2*g. Let f be p + 19 - ((-1 - -2) + 1). Is q(f) a prime number?
False
Suppose -185601 = 99*o - 138*o. Is o a composite number?
False
Let n(h) = 1701*h + 92 - 331*h - 91. Is n(2) a composite number?
False
Suppose 0 = 1125*b - 1180*b + 35643795. Is b a composite number?
True
Let h be 3/((-90)/(-12)) + 118/5. Suppose -h*g = 28*g - 71292. Is g prime?
False
Let x = 105 + -65. Suppose -7*p + 44 + x = 0. Suppose p*i - 8*i = 60. Is i prime?
False
Let p(i) = -2*i**2 + i + 2. Let y be p(2). Let r be 22355/y + (0 - 2)/8. Let j = -3094 - r. Is j composite?
True
Let a be (-6 - 1)*(-238)/(-7). Suppose 567 = -13*g + 12*g. Let r = a - g. Is r a composite number?
True
Suppose 5*w + 5*g = 8*w - 74, -60 = -4*w - 3*g. Suppose w*o = 14*o + 1940. Is o prime?
False
Let q be -5 + (-53)/(-11) - 695/(-11). Let j = -63 + q. Suppose j = -3*a + 2*a + c + 883, 0 = 2*c - 8. Is a a composite number?
False
Suppose 0 = k + 8*k - 37062. Suppose h - 3*x - 5495 = -3*h, 0 = -3*h - x + k. Is h composite?
False
Let s = 32 + 49. Suppose -74*f - 49091 = -s*f. Is f a composite number?
False
Let p be -2 - 2 - (-13 - -9). Suppose p = 2*d + 1 + 5. Let s(m) = 33*m**2 - m + 7. Is s(d) composite?
False
Let h(x) = 2411*x - 137. Let r(t) = 2410*t - 141. Let o(a) = -4*h(a) + 5*r(a). Is o(11) composite?
False
Let t = -2036 + 3027. Let h = 1438 - t. Suppose -367 = -2*o + h. Is o composite?
True
Suppose -2*c = 2*o - 2, 0 = -4*o + c + 8 + 1. Suppose -2*u = o*a - 8732, -6*u = -2*a - 3*u + 8747. Is a composite?
True
Let j(t) = -6*t + 21. Let r be j(3). Let g be r/(-4) - 15/(-4). Suppose -1113 = -3*u + 3*p, 0 = u - 3*u + g*p + 742. Is u prime?
False
Is (4638/(-6) - -9)*((-2995)/20 + -5) composite?
True
Let r = 33 - 27. Suppose r*y = 61 - 49. Suppose y*g - c = -1890 + 9559, 3*g + 3*c - 11490 = 0. Is g a prime number?
True
Let y = -11862 + -26012. Let a = -23253 - y. Is a composite?
False
Let i be 46/12 + -4 + 31454/12. Suppose 0*d + 5*d = -2*m + 4363, -3*d - 2*m = -i. Suppose -3*z - 4*s + d + 1260 = 0, -3*z + 5*s = -2122. Is z prime?
True
Let l = -90814 + 177785. Is l prime?
False
Let z(w) = -w**2 - 5*w + 27. Let r be z(-8). Let d(a) = 11*a + 8*a**2 - 5*a + 3*a + r*a - 13. Is d(10) a prime number?
True
Suppose 1167144 = 3*c + 10*c + 149335. Is c composite?
True
Suppose -5*z + 4*z - 200 = 0. Let u be (-4)/30 + ((-2)/(-10))/(258/917362). Let p = u - z. Is p composite?
False
Let p(z) = 55*z**3 + z**2 + 2*z + 1. Let h be p(-3). Let t = -4696 - h. Let n = t + 5664. Is n a prime number?
False
Let h(z) = -z**2 - 6*z - 3. Let u be h(-5). Suppose -3*q - s = -19135, 0 = -0*q - 5*q - u*s + 31891. Is q a prime number?
True
Suppose -2*d + 4*x + 244622 = 0, 205*x = 4*d + 210*x - 489309. Is d prime?
True
Suppose -984 - 871 = -53*o. Is (-6 - o/(-7))*(-850 - 3) a composite number?
False
Suppose -32*h = 401041 - 2598513. Is h prime?
False
Suppose -2*u + 3*y + 1610 = 0, -3*u + 819 = -2*u - 5*y. Suppose -3*w = 3*t - 4512, t = -2*w + u + 700. Is t prime?
False
Let t(u) = 7*u**3 - 51*u**2 - 83*u + 73. Is t(32) composite?
False
Let k = -39 - 105. Let g(u) = -u**3 + 22*u**2 + 60*u + 93. Let o be g(24). Let q = k + o. Is q composite?
True
Suppose -33 = -q + 5*y, 0 = 3*q + 2*y + 3*y - 19. Suppose p + 0*p + 4*m = 19, m = -3*p + q. Suppose -p*v + 2*v = -239. Is v a prime number?
True
Suppose h = 2*h - 3. Suppose 0 = -281*f + 913*f + 1656 - 4184. Is 2596/f + (-6)/h a prime number?
True
Let j = 5827 - 48. Is j prime?
True
Is (-16461)/(-6)*12 + -13 a composite number?
False
Let k(o) = 5*o**3 - o**2 + 5*o + 2. Let f be k(7). Suppose -12*x = x - f. Let v = x + -20. Is v prime?
False
Let x(a) = 41*a**2 - 40*a - 1156. Is x(-79) prime?
False
Is (-12)/22 + (-4 - (-4391199)/99) composite?
False
Let q(r) = 20*r**2 + r - 1. Let g be (-104)/40 - 2/5. Let p be q(g). Suppose -p - 3002 = -2*z. Is z a composite number?
True
Let c(g) = 238*g**2 - 94*g + 11757. Is c(64) a prime number?
False
Let y = 8683 + -5274. Is y composite?
True
Let c be -4439 - -115 - (0 + 0/2). Let b = 2967 - c. Is b prime?
False
Suppose 4*i - 4738 - 13918 = 0. Suppose 2*j - 2*h + 4*h = i, j - 5*h = 2338. Is j a prime number?
True
Suppose -20 = -26*c + 6*c. Is 6728/8 - 0/(2 - c) prime?
False
Let l(g) = 12*g + 63. Let i be l(-5). Suppose r + 504 = i*c, -2*c + r = 2*r - 341. Is c a composite number?
True
Let a(s) = -3*s**2 - 13*s - 7. Let m be a(-7). Let i = -86 + m. Let p = 418 + i. Is p a pri